prime factors of 5696344?
2, 269, 2647
List the prime factors of 2861780083.
23, 124425221
What are the prime factors of 266191679?
13, 359, 57037
What are the prime factors of 45170543?
11, 19, 216127
What are the prime factors of 3381718391?
29, 116610979
List the prime factors of 802501384.
2, 8573, 11701
What are the prime factors of 394724633?
983, 401551
What are the prime factors of 149679750?
2, 3, 5, 11, 18143
What are the prime factors of 6164220?
2, 3, 5, 71, 1447
List the prime factors of 1517357165.
5, 47, 1613, 4003
What are the prime factors of 1306288105?
5, 23, 11359027
List the prime factors of 925508922.
2, 3, 13, 67, 409, 433
What are the prime factors of 158408084?
2, 23, 1721827
What are the prime factors of 1187963521?
1187963521
List the prime factors of 428965216.
2, 17, 29, 27191
List the prime factors of 140966261.
17, 8292133
List the prime factors of 1399548014.
2, 37, 18912811
What are the prime factors of 321434110?
2, 5, 32143411
List the prime factors of 7777911.
3, 59, 43943
List the prime factors of 6837872239.
11, 23, 27027163
List the prime factors of 157587049.
89, 313, 5657
What are the prime factors of 539277272?
2, 29, 2324471
What are the prime factors of 837369907?
11, 47, 1619671
What are the prime factors of 554694912?
2, 3, 80251
What are the prime factors of 74281495?
5, 181, 211, 389
List the prime factors of 314215362.
2, 3, 43, 1049
List the prime factors of 135397868.
2, 29, 463, 2521
List the prime factors of 112098479.
1567, 71537
List the prime factors of 104005702.
2, 1009, 51539
List the prime factors of 397399264.
2, 251, 49477
What are the prime factors of 118552465?
5, 23, 167, 6173
List the prime factors of 42989718.
2, 3, 7164953
List the prime factors of 37040465.
5, 7, 11, 23, 47, 89
List the prime factors of 193404377.
2087, 92671
List the prime factors of 933351551.
11, 131, 379, 1709
What are the prime factors of 19805240?
2, 5, 7, 13, 5441
What are the prime factors of 343302765?
3, 5, 13, 1760527
What are the prime factors of 1211525231?
7, 349, 613, 809
List the prime factors of 45013827.
3, 47, 131, 2437
List the prime factors of 61630841.
61630841
What are the prime factors of 818547720?
2, 3, 5, 6821231
List the prime factors of 1203966873.
3, 79, 1693343
List the prime factors of 68408484.
2, 3, 137, 41611
What are the prime factors of 863833353?
3, 29, 571, 17389
What are the prime factors of 6703251859?
23, 291445733
List the prime factors of 2819832300.
2, 3, 5, 277, 11311
List the prime factors of 2198335651.
73, 107, 229, 1229
What are the prime factors of 231261412?
2, 23, 127, 19793
What are the prime factors of 32307634?
2, 53, 304789
List the prime factors of 245636505.
3, 5, 191, 28579
What are the prime factors of 683970867?
3, 75996763
List the prime factors of 9055769416.
2, 457, 593, 4177
List the prime factors of 483070063.
7, 479, 144071
What are the prime factors of 1519946951?
2153, 705967
List the prime factors of 11116989.
3, 13, 7309
List the prime factors of 537881150.
2, 5, 739, 14557
What are the prime factors of 435549043?
1031, 422453
What are the prime factors of 2815864349?
34877, 80737
What are the prime factors of 8360280?
2, 3, 5, 7741
What are the prime factors of 1333353802?
2, 11, 349, 173659
List the prime factors of 25738627.
239, 107693
List the prime factors of 32719609.
13, 2516893
What are the prime factors of 52950186?
2, 3, 23, 1579
What are the prime factors of 23882286?
2, 3, 43, 92567
List the prime factors of 119840413.
7, 11, 1556369
List the prime factors of 2281469586.
2, 3, 11, 4243, 8147
List the prime factors of 3342705007.
461, 7250987
List the prime factors of 2423899663.
29, 83582747
List the prime factors of 205026915.
3, 5, 3463, 3947
What are the prime factors of 83669942?
2, 41834971
List the prime factors of 9426741.
3, 71, 44257
List the prime factors of 51818060.
2, 5, 7, 359, 1031
What are the prime factors of 209313295?
5, 227, 184417
List the prime factors of 1397364944.
2, 87335309
What are the prime factors of 153674498?
2, 601, 127849
What are the prime factors of 383824002?
2, 3, 63970667
List the prime factors of 3221666.
2, 7, 359, 641
What are the prime factors of 27190461?
3, 9063487
List the prime factors of 4308366861.
3, 67, 2381629
List the prime factors of 475609646.
2, 17, 1439, 9721
List the prime factors of 52346408.
2, 6543301
What are the prime factors of 5531698092?
2, 3, 460974841
What are the prime factors of 6597467682?
2, 3, 13, 84582919
What are the prime factors of 26615885?
5, 5323177
List the prime factors of 4717071900.
2, 3, 5, 379, 13829
List the prime factors of 102877129.
1879, 54751
What are the prime factors of 10779209?
7, 1539887
What are the prime factors of 34568811?
3, 107, 35897
List the prime factors of 4781506376.
2, 103, 5802799
What are the prime factors of 1806923844?
2, 3, 11, 4562939
What are the prime factors of 92269876?
2, 23067469
List the prime factors of 592207405.
5, 29, 877, 4657
List the prime factors of 15150501.
3, 37, 45497
What are the prime factors of 444233873?
283, 1569731
What are the prime factors of 66161460?
2, 3, 5, 1102691
List the prime factors of 87655148.
2, 7, 3130541
What are the prime factors of 4108598577?
3, 29, 47, 334931
List the prime factors of 186929601.
3, 62309867
List the prime factors of 909755660.
2, 5, 11, 71, 58243
List the prime factors of 4689048186.
2, 3, 260502677
What are the prime factors of 176611419?
3, 17, 1154323
List the prime factors of 299484657.
3, 33276073
List the prime factors of 553032810.
2, 3, 5, 11, 19, 29401
What are the prime factors of 25980729?
3, 43, 201401
List the prime factors of 52232274.
2, 3, 2901793
List the prime factors of 67496656.
2, 4218541
List the prime factors of 3767967837.
3, 43, 9736351
What are the prime factors of 587832700?
2, 5, 7, 13, 4969
List the prime factors of 1638642331.
1638642331
List the prime factors of 3658940688.
2, 3, 13, 103, 56929
What are the prime factors of 995057793?
3, 110561977
List the prime factors of 329413827.
3, 1223, 89783
List the prime factors of 56130971.
13, 23, 227, 827
List the prime factors of 332125784.
2, 41515723
What are the prime factors of 640966006?
2, 83, 3861241
List the prime factors of 3491296998.
2, 3, 7, 6011, 13829
What are the prime factors of 1933702277?
13, 148746329
List the prime factors of 587266.
2, 293633
List the prime factors of 8183651.
7, 257, 4549
What are the prime factors of 146479455?
3, 5, 19, 57107
What are the prime factors of 2354446551?
3, 784815517
List the prime factors of 2450025517.
1019, 1123, 2141
List the prime factors of 35879464.
2, 4484933
What are the prime factors of 41075703?
3, 359, 12713
List the prime factors of 7639289.
7, 23, 2063
List the prime factors of 76795272.
2, 3, 967, 1103
What are the prime factors of 4618354?
2, 13, 23, 7723
What are the prime factors of 24944914?
2, 1583, 7879
What are the prime factors of 919720923?
3, 11, 79, 97, 3637
List the prime factors of 163336464.
2, 3, 19, 59699
What are the prime factors of 8758591?
47, 331, 563
List the prime factors of 91961065.
5, 7, 641, 4099
List the prime factors of 3855855911.
877, 4396643
List the prime factors of 956223941.
1481, 645661
List the prime factors of 317922147.
3, 47, 857, 877
What are the prime factors of 30528221?
1019, 29959
List the prime factors of 271262305.
5, 109, 497729
List the prime factors of 32768713.
3011, 10883
What are the prime factors of 19197831?
3, 6399277
What are the prime factors of 2383518474?
2, 3, 23, 73, 127
List the prime factors of 78706947.
3, 11, 311, 7669
What are the prime factors of 1177852023?
3, 29, 501427
What are the prime factors of 77522111?
77522111
What are the prime factors of 258278557?
41, 227, 27751
List the prime factors of 262521680.
2, 5, 59, 55619
What are the prime factors of 133290860?
2, 5, 6664543
What are the prime factors of 3919705095?
3, 5, 7477, 34949
What are the prime factors of 1110858012?
2, 3, 11, 1471, 1907
What are the prime factors of 183794648?
2, 22974331
What are the prime factors of 2469849800?
2, 5, 11, 1122659
List the prime factors of 1702796424.
2, 3, 7, 67, 151279
What are the prime factors of 989526699?
3, 7, 1745197
What are the 